/(-47)) composite?
True
Let g = 81867 - 47248. Is g prime?
False
Suppose -2*a + 24 = 4*t, t - 11*a + 8 = -8*a. Let c = -10181 - -17293. Suppose 4*v - c = -t*v. Is v a composite number?
True
Is 1836/126 + -15 + (-364412)/(-14) composite?
False
Let w(h) = 1182*h**3 - 6*h**2 - 55*h + 6. Is w(5) composite?
False
Let d be 902590/583 - 2/11. Suppose d - 4781 = -5*m - 4*x, m - 640 = -3*x. Is m composite?
True
Let d = 1882 + 3836. Is d/8*1/(24/32) a composite number?
False
Let a = 3631 + 7557. Suppose 4*g - 4*v - a = 0, -4*g = 5*v - 3*v - 11188. Is g a prime number?
True
Let p(o) = -o**3 + 20*o**2 - 2*o + 55. Let a be p(-17). Let l = -7417 + a. Is l a prime number?
False
Let m = -21 - -33. Suppose -3*z = m - 0, -2*g = 4*z + 6. Suppose g*j + 462 - 1532 = 5*y, 2*y = -j + 205. Is j a composite number?
False
Suppose -3*s + 36 = -5*k, 24*k - 23*k = -3. Is 3*(1/s)/((-12)/(-162148)) a composite number?
False
Let m(s) = 1126386*s + 1385. Is m(2) a prime number?
True
Let f(p) = 70*p**2 - 4*p - 3. Let r be f(-3). Let j = r + 4144. Is j a prime number?
True
Suppose -1055 = 7*d + 4489. Let j = 1394 + d. Suppose 4*l = -3*t + 2323, -l + j = 5*t + 34. Is l composite?
True
Suppose -616 = -10*t - 296. Let x(b) = b**3 - 27*b**2 + 5*b - 35. Is x(t) a prime number?
False
Let j(t) = t**3 - 5*t**2 + 5*t - 2. Let g be j(4). Suppose 2*q + 5*w = 1069, -6*q + w = -g*q - 2105. Suppose 0 = -2*m + q - 61. Is m a prime number?
True
Let u(c) = -9*c**3 - 33*c**2 + 37*c - 47. Is u(-30) composite?
True
Is (-5427350)/(-70) - (-12)/(-21) a prime number?
False
Suppose -8540 = -3*u - 4*w, -u = 4*w - 3*w - 2845. Suppose u = g - 1661. Is g a composite number?
True
Let v be (4/10)/((-24)/374520). Is 24/16*-2 - v a composite number?
True
Suppose 42*h - 326707 - 315511 = 24784. Is h a prime number?
True
Suppose -4*l + 161422 + 253311 = 26881. Is l composite?
True
Let q be (9/6)/((-78)/(-260)). Suppose 8*v - 5*v + q*j - 10219 = 0, -3*v + 4*j = -10174. Is v composite?
True
Suppose -10*k + 3424299 + 1114791 = 0. Is k composite?
True
Let r = 4274 - 17704. Let p = 251 - r. Is p a composite number?
False
Suppose 4*d - 18658 = -5*g, -d + 3*g + 3883 = -790. Let w = 6858 - d. Suppose -w = -b - 42. Is b composite?
True
Let d(x) = 3*x**3 + 8*x + 30. Let k(c) = -c - 17. Let m be k(-28). Is d(m) a prime number?
True
Suppose u = 2, -2*w - 1 + 17 = 5*u. Suppose -5 = -2*q - 3*q, -w*q + 5095 = 4*c. Is c a composite number?
True
Let f(l) = 3102*l - 35. Let b be f(8). Suppose -86*p + 85*p = -b. Is p composite?
False
Suppose 5*f - 202005 = -i + 307685, 0 = -3*f - 5*i + 305792. Is f a composite number?
False
Suppose 19*z = 23*z + 5*n - 2597, 4*n = 5*z - 3277. Is z composite?
False
Suppose -v = 2*f - 270340, 3*f - 16*v = -11*v + 405549. Is f a prime number?
True
Let u(x) = -5135*x - 40. Let m be u(-9). Suppose -10*q + m = -5*q. Suppose 0 = 11*h - 6*h - q. Is h a prime number?
True
Let f = 414 - 306. Let z(y) = -y**3 - 43. Let o be z(0). Let c = f + o. Is c a composite number?
True
Suppose 0*r - 16174 = 3*r - 2*m, -2*r + 3*m = 10781. Let x = 4461 - r. Is x composite?
True
Let p(d) = -d**2 - 2*d - 3. Let m be p(0). Let r be ((0 - 0)/(6 + m))/(-4). Suppose r = -4*x - 3*x + 595. Is x prime?
False
Suppose -2*u + 4 = -y + 1, -5 = -y. Suppose -u*h + 3*n + 35159 + 17417 = 0, 0 = -h - 4*n + 13163. Is h a composite number?
False
Suppose 5*w - 26*h = -22*h + 503039, 4*w - 3*h = 402430. Is w composite?
True
Let i(o) = 1438*o**2 + 3*o + 3. Let z be i(3). Suppose k - 4*c - 5504 = z, 5*c = 2*k - 36922. Suppose k = 9*s + 5*s. Is s prime?
True
Is (-5)/((-160)/(-4487432))*(-3 + -1) composite?
False
Suppose 19250 + 93291 = 11*d. Is d a prime number?
False
Let f = 225 - 530. Is (-183)/f - 3/(30/(-102124)) a prime number?
False
Suppose -24*t + 70387382 = 190*t. Is t a composite number?
True
Suppose -1 = -4*p - 29, -m = -5*p - 6306. Is m prime?
True
Suppose 0 = 3*w - 436817 + 38768. Is w a prime number?
False
Suppose -o + 3*i = 7, -4*o + 2*i - 2 = 6. Let s(k) = -968*k**3 + k**2 - 2. Is s(o) a composite number?
False
Let p be (48/(-36))/((-1)/3). Suppose -c + 15441 = p*d, 61764 = -10*c + 14*c - d. Is c composite?
True
Let r(m) = 69549*m**3 - 4*m**2 - m - 1. Is r(2) composite?
False
Let d(o) = 2*o**3 + o**2 - o. Let u be d(-1). Suppose -7*r - 1262 + 10761 = u. Is r a prime number?
False
Suppose 0 = -2*c - b - 7325, 0 = c - 2*c - b - 3663. Let j = 7027 + c. Is j composite?
True
Let k = -505 - -526. Is (-2 - (-36255)/k)*(-14 + 21) a prime number?
True
Let o be (-606)/4*(-5032)/51. Let k be (o/(-4))/(1 - 2). Suppose -8*i + 4607 = -k. Is i prime?
False
Let j(k) = -7*k**2 - 34*k - 107. Let w be j(-28). Let m = 8116 + w. Is m a prime number?
False
Suppose -2*h + 596787 = 3*y - 1926308, h - 4*y - 1261509 = 0. Is h a prime number?
False
Suppose -4*y = -0*z - 3*z, -y + 7 = z. Let w be y*137 + (24 - 20). Let k = -212 + w. Is k composite?
True
Let c(h) = 4*h**2 + 3*h. Let s = -39 - -37. Let u be c(s). Suppose u*a - 6341 - 16569 = 0. Is a composite?
True
Suppose 1073 = -6*j - 2137. Let h = -262 - j. Let s = 470 + h. Is s composite?
False
Let r(t) be the third derivative of 7*t**5/60 + 5*t**4/8 + 3*t**3 - t**2. Let y be r(18). Suppose -h - y + 7111 = 3*l, 3*l = -5*h + 4571. Is l a prime number?
False
Let z = -1353 - -5607. Let o = -2569 + z. Is o a prime number?
False
Suppose -15*o = -13*o - 8. Suppose 0 = 2*j + 4*l - 16522, 2*j + 6934 = o*l + 23480. Is j prime?
False
Let r(d) = -335*d**3 - 2*d**2 - 14*d - 40. Suppose -23*g + 22*g = 3. Is r(g) a prime number?
True
Suppose 3*t + 2 + 19 = 0. Let m be (t*(-4)/(-6))/(2/(-3)). Is 2903/m + (-6)/(-21) a composite number?
True
Let t be (-828)/(-230)*20*30. Suppose 4*j - 1396 = t. Is j prime?
False
Let k = 26361 - -17120. Is k a composite number?
False
Suppose 6*m - 221645 = -144719. Is m composite?
False
Let i be ((-18)/(-4) - 2)*96/40. Let w be (5 + (-42)/9)/((-1)/i). Is 1/w + 3*(-9143)/(-6) a prime number?
False
Suppose 8*n - n = -7266. Suppose 7475 = -4*i - i. Let t = n - i. Is t composite?
False
Let q(k) be the first derivative of k**3 + 21*k**2/2 + 14*k + 6. Let n be q(-17). Suppose -7*y = -953 - n. Is y prime?
True
Suppose 2*v - 4*b - 1270 = 0, -2*v - 8*b + 10*b = -1266. Suppose v + 307 = 2*k. Is k a composite number?
True
Let g(j) = 1112*j - 40. Let c be g(12). Let z = -8895 + c. Is z a prime number?
True
Suppose -1930 = -4*x - 3*v + 3511, -4*v + 12 = 0. Suppose 0 = -j + 1501 + x. Is j prime?
False
Let b be 10/(-25) + (-24)/15. Is b/3*(21372/8)/(-1) composite?
True
Suppose -5*l - 2*y = -4160439, 69*l - 62*l = -2*y + 5824609. Is l a prime number?
False
Suppose 3*r - 2*o = -25, 3*o = 6*r - r + 40. Let k(y) = -112*y**3 - 8*y**2 - 15*y - 16. Is k(r) a composite number?
False
Suppose -124*d + 212*d - 17072271 = -173*d. Is d a composite number?
True
Suppose -12 = 4*l - 7*l. Suppose -3*h + 12 = 0, l*b - 2*h - 1602 = -b. Let q = 453 - b. Is q composite?
False
Suppose 5*m + 175617 = c, -m + 877877 = 520*c - 515*c. Is c prime?
False
Let b be (-5)/(-15)*0 + 1 + -17. Is (-7 + 120/b)*(-1 - 33) prime?
False
Let p = 761 - 341. Suppose 4*i + 95 = q, 3*q - i = -168 + p. Is q a prime number?
True
Let t(p) = -60728*p + 141. Is t(-1) prime?
True
Suppose 178 = 2*c + 14. Suppose -c*r + 87*r + 2420 = 0. Let j = r + 830. Is j composite?
True
Suppose 2*z = s - 104, -9*s + 14*s - 220 = 4*z. Is z/225 - 92650/(-18) a prime number?
True
Let r be ((-24)/(-16))/((-3)/(-8)). Suppose h + 17 = -3*h - 5*v, 7 = -r*h - 3*v. Suppose -544 = -h*w + 346. Is w composite?
True
Let r(s) = 20*s**3 - 3*s**2 + 5*s. Let v(d) = -121*d**3 + 17*d**2 - 29*d. Let n(l) = -34*r(l) - 6*v(l). Let o be n(-3). Let c = -697 - o. Is c a prime number?
True
Let x(s) = 9*s + 149. Let p = -55 - -55. Is x(p) a composite number?
False
Let b = -483 - -485. Is 1 - -276*(b + 3) a prime number?
True
Suppose -2*q + 3 = -q, q + 1 = 2*l. Suppose 48*u - 47*u = -y + 4086, -2 = l*u. Is y prime?
False
Let u = 162 + -163. Is (-237)/(-15)*(u - -6) a prime number?
True
Let k be (-46959)/6 + 4/(-8). Is (6 - 1)/(-5)*k prime?
False
Suppose 0 = -15*y + 23*y - 8888. Suppose 5*p = -2*d + 2266, 18*d - y = 17*d + 3*p. Is d a composite number?
False
Let m be ((384/60)/(-4))/((-8)/30). Is (-32)/12*m/8 + 3139 prime?
True
Let f = -137 + 145. Suppose -5107 - 2149 = -f*z. Is z a prime numbe